


{"id":72,"date":"2015-08-25T20:17:59","date_gmt":"2015-08-25T19:17:59","guid":{"rendered":"http:\/\/unite34bw.scoutnet.be\/?page_id=72"},"modified":"2020-05-03T21:18:22","modified_gmt":"2020-05-03T20:18:22","slug":"les-scouts","status":"publish","type":"page","link":"https:\/\/www.34bw.be\/?page_id=72","title":{"rendered":"Les scouts"},"content":{"rendered":"<p class=\"bodytext\"><img loading=\"lazy\" decoding=\"async\" class=\"size-medium wp-image-171 alignright\" src=\"http:\/\/unite34bw.scoutnet.be\/wp-content\/uploads\/2015\/08\/logo_eclaireurs1-300x300.jpg\" alt=\"logo_eclaireurs\" width=\"300\" height=\"300\" srcset=\"https:\/\/34bw.be\/wp-content\/uploads\/2015\/08\/logo_eclaireurs1-300x300.jpg 300w, https:\/\/34bw.be\/wp-content\/uploads\/2015\/08\/logo_eclaireurs1-150x150.jpg 150w, https:\/\/34bw.be\/wp-content\/uploads\/2015\/08\/logo_eclaireurs1.jpg 720w\" sizes=\"auto, (max-width: 300px) 100vw, 300px\" \/>Au d\u00e9but de l\u2019adolescence (12 \u00e0 16 ans), le jeune d\u00e9veloppe sa prise de responsabilit\u00e9s : il prend les choses en main.<\/p>\n<p class=\"bodytext\">\u00c0 la troupe, et particuli\u00e8rement au sein du petit groupe qu\u2019est la patrouille, il participe \u00e0 la construction collective de projets, dans un esprit de compl\u00e9mentarit\u00e9 et de solidarit\u00e9.<\/p>\n<p class=\"bodytext\"><b>Gr\u00e2ce \u00e0 ce que l\u2019animateur met en place, l\u2019\u00e9claireur prend plaisir \u00e0 r\u00eaver, faire des plans, \u00eatre responsable, s\u2019outiller, agir pour le groupe et vivre des aventures.<\/b><\/p>\n","protected":false},"excerpt":{"rendered":"<p>Au d\u00e9but de l\u2019adolescence (12 \u00e0 16 ans), le jeune d\u00e9veloppe sa prise de responsabilit\u00e9s : il prend les choses en main. \u00c0 la troupe, et particuli\u00e8rement au sein du petit groupe qu\u2019est la patrouille, il participe \u00e0 la construction collective de projets, dans un esprit de compl\u00e9mentarit\u00e9 et de solidarit\u00e9. Gr\u00e2ce \u00e0 ce que l\u2019animateur met en place, l\u2019\u00e9claireur prend plaisir \u00e0 r\u00eaver, faire des plans, \u00eatre responsable, s\u2019outiller, agir pour le groupe et vivre des aventures.<\/p>\n","protected":false},"author":1,"featured_media":0,"parent":0,"menu_order":0,"comment_status":"closed","ping_status":"closed","template":"","meta":{"footnotes":""},"folder":[],"class_list":["post-72","page","type-page","status-publish","hentry"],"jetpack_sharing_enabled":true,"jetpack_shortlink":"https:\/\/wp.me\/P6EvnD-1a","_links":{"self":[{"href":"https:\/\/www.34bw.be\/index.php?rest_route=\/wp\/v2\/pages\/72","targetHints":{"allow":["GET"]}}],"collection":[{"href":"https:\/\/www.34bw.be\/index.php?rest_route=\/wp\/v2\/pages"}],"about":[{"href":"https:\/\/www.34bw.be\/index.php?rest_route=\/wp\/v2\/types\/page"}],"author":[{"embeddable":true,"href":"https:\/\/www.34bw.be\/index.php?rest_route=\/wp\/v2\/users\/1"}],"replies":[{"embeddable":true,"href":"https:\/\/www.34bw.be\/index.php?rest_route=%2Fwp%2Fv2%2Fcomments&post=72"}],"version-history":[{"count":2,"href":"https:\/\/www.34bw.be\/index.php?rest_route=\/wp\/v2\/pages\/72\/revisions"}],"predecessor-version":[{"id":1650,"href":"https:\/\/www.34bw.be\/index.php?rest_route=\/wp\/v2\/pages\/72\/revisions\/1650"}],"wp:attachment":[{"href":"https:\/\/www.34bw.be\/index.php?rest_route=%2Fwp%2Fv2%2Fmedia&parent=72"}],"wp:term":[{"taxonomy":"folder","embeddable":true,"href":"https:\/\/www.34bw.be\/index.php?rest_route=%2Fwp%2Fv2%2Ffolder&post=72"}],"curies":[{"name":"wp","href":"https:\/\/api.w.org\/{rel}","templated":true}]}}