


{"id":70,"date":"2015-08-25T20:17:50","date_gmt":"2015-08-25T19:17:50","guid":{"rendered":"http:\/\/unite34bw.scoutnet.be\/?page_id=70"},"modified":"2025-09-20T13:47:14","modified_gmt":"2025-09-20T11:47:14","slug":"luniforme-scout","status":"publish","type":"page","link":"https:\/\/www.34bw.be\/?page_id=70","title":{"rendered":"L&rsquo;uniforme scout"},"content":{"rendered":"<p>L\u2019uniforme louveteaux se compose comme suit :<\/p>\n<ul>\n<li>Le foulard bleu et blanc de la 34\u00e9me BW<\/li>\n<li>Une chemise bleu marine<\/li>\n<li>Un short (si la temp\u00e9rature ext\u00e9rieure d\u00e9passe 0\u00b0C)<\/li>\n<li>De bonnes chaussures (baskets ou bottines)<\/li>\n<\/ul>\n<p><a href=\"https:\/\/34bw.be\/wp-content\/uploads\/2025\/09\/\u00e9claireurs.png\"><img loading=\"lazy\" decoding=\"async\" class=\"alignnone size-full wp-image-2075\" src=\"https:\/\/34bw.be\/wp-content\/uploads\/2025\/09\/\u00e9claireurs.png\" alt=\"\" width=\"797\" height=\"651\" srcset=\"https:\/\/34bw.be\/wp-content\/uploads\/2025\/09\/\u00e9claireurs.png 797w, https:\/\/34bw.be\/wp-content\/uploads\/2025\/09\/\u00e9claireurs-300x245.png 300w, https:\/\/34bw.be\/wp-content\/uploads\/2025\/09\/\u00e9claireurs-768x627.png 768w\" sizes=\"auto, (max-width: 797px) 100vw, 797px\" \/><\/a><\/p>\n","protected":false},"excerpt":{"rendered":"<p>L\u2019uniforme louveteaux se compose comme suit : Le foulard bleu et blanc de la 34\u00e9me BW Une chemise bleu marine Un short (si la temp\u00e9rature ext\u00e9rieure d\u00e9passe 0\u00b0C) De bonnes chaussures (baskets ou bottines)<\/p>\n","protected":false},"author":1,"featured_media":0,"parent":72,"menu_order":0,"comment_status":"closed","ping_status":"closed","template":"","meta":{"footnotes":""},"folder":[],"class_list":["post-70","page","type-page","status-publish","hentry"],"jetpack_sharing_enabled":true,"jetpack_shortlink":"https:\/\/wp.me\/P6EvnD-18","_links":{"self":[{"href":"https:\/\/www.34bw.be\/index.php?rest_route=\/wp\/v2\/pages\/70","targetHints":{"allow":["GET"]}}],"collection":[{"href":"https:\/\/www.34bw.be\/index.php?rest_route=\/wp\/v2\/pages"}],"about":[{"href":"https:\/\/www.34bw.be\/index.php?rest_route=\/wp\/v2\/types\/page"}],"author":[{"embeddable":true,"href":"https:\/\/www.34bw.be\/index.php?rest_route=\/wp\/v2\/users\/1"}],"replies":[{"embeddable":true,"href":"https:\/\/www.34bw.be\/index.php?rest_route=%2Fwp%2Fv2%2Fcomments&post=70"}],"version-history":[{"count":6,"href":"https:\/\/www.34bw.be\/index.php?rest_route=\/wp\/v2\/pages\/70\/revisions"}],"predecessor-version":[{"id":2081,"href":"https:\/\/www.34bw.be\/index.php?rest_route=\/wp\/v2\/pages\/70\/revisions\/2081"}],"up":[{"embeddable":true,"href":"https:\/\/www.34bw.be\/index.php?rest_route=\/wp\/v2\/pages\/72"}],"wp:attachment":[{"href":"https:\/\/www.34bw.be\/index.php?rest_route=%2Fwp%2Fv2%2Fmedia&parent=70"}],"wp:term":[{"taxonomy":"folder","embeddable":true,"href":"https:\/\/www.34bw.be\/index.php?rest_route=%2Fwp%2Fv2%2Ffolder&post=70"}],"curies":[{"name":"wp","href":"https:\/\/api.w.org\/{rel}","templated":true}]}}