


{"id":374,"date":"2015-08-25T13:21:01","date_gmt":"2015-08-25T12:21:01","guid":{"rendered":"http:\/\/unite34bw.scoutnet.be\/?page_id=10"},"modified":"2025-09-20T13:45:45","modified_gmt":"2025-09-20T11:45:45","slug":"uniforme-baladins","status":"publish","type":"page","link":"https:\/\/www.34bw.be\/?page_id=374","title":{"rendered":"L&rsquo;uniforme baladin"},"content":{"rendered":"<p>L&rsquo;uniforme baladins se compose comme suit :<\/p>\n<ul>\n<li>Le foulard bleu et blanc de la 34\u00e9me BW<\/li>\n<li>Un pull bleu marine<\/li>\n<li>Un short (si la temp\u00e9rature ext\u00e9rieure d\u00e9passe 10\u00b0C)<\/li>\n<li>De bonnes chaussures (baskets ou bottines)<\/li>\n<\/ul>\n<p><a href=\"https:\/\/34bw.be\/wp-content\/uploads\/2025\/09\/Baladins.png\"><img loading=\"lazy\" decoding=\"async\" class=\"alignnone size-full wp-image-2077\" src=\"https:\/\/34bw.be\/wp-content\/uploads\/2025\/09\/Baladins.png\" alt=\"\" width=\"807\" height=\"456\" srcset=\"https:\/\/34bw.be\/wp-content\/uploads\/2025\/09\/Baladins.png 807w, https:\/\/34bw.be\/wp-content\/uploads\/2025\/09\/Baladins-300x170.png 300w, https:\/\/34bw.be\/wp-content\/uploads\/2025\/09\/Baladins-768x434.png 768w\" sizes=\"auto, (max-width: 807px) 100vw, 807px\" \/><\/a><\/p>\n","protected":false},"excerpt":{"rendered":"<p>L&rsquo;uniforme baladins se compose comme suit : Le foulard bleu et blanc de la 34\u00e9me BW Un pull bleu marine Un short (si la temp\u00e9rature ext\u00e9rieure d\u00e9passe 10\u00b0C) De bonnes chaussures (baskets ou bottines)<\/p>\n","protected":false},"author":1,"featured_media":0,"parent":35,"menu_order":0,"comment_status":"closed","ping_status":"closed","template":"","meta":{"footnotes":""},"folder":[],"class_list":["post-374","page","type-page","status-publish","hentry"],"jetpack_sharing_enabled":true,"jetpack_shortlink":"https:\/\/wp.me\/P6EvnD-62","_links":{"self":[{"href":"https:\/\/www.34bw.be\/index.php?rest_route=\/wp\/v2\/pages\/374","targetHints":{"allow":["GET"]}}],"collection":[{"href":"https:\/\/www.34bw.be\/index.php?rest_route=\/wp\/v2\/pages"}],"about":[{"href":"https:\/\/www.34bw.be\/index.php?rest_route=\/wp\/v2\/types\/page"}],"author":[{"embeddable":true,"href":"https:\/\/www.34bw.be\/index.php?rest_route=\/wp\/v2\/users\/1"}],"replies":[{"embeddable":true,"href":"https:\/\/www.34bw.be\/index.php?rest_route=%2Fwp%2Fv2%2Fcomments&post=374"}],"version-history":[{"count":2,"href":"https:\/\/www.34bw.be\/index.php?rest_route=\/wp\/v2\/pages\/374\/revisions"}],"predecessor-version":[{"id":2079,"href":"https:\/\/www.34bw.be\/index.php?rest_route=\/wp\/v2\/pages\/374\/revisions\/2079"}],"up":[{"embeddable":true,"href":"https:\/\/www.34bw.be\/index.php?rest_route=\/wp\/v2\/pages\/35"}],"wp:attachment":[{"href":"https:\/\/www.34bw.be\/index.php?rest_route=%2Fwp%2Fv2%2Fmedia&parent=374"}],"wp:term":[{"taxonomy":"folder","embeddable":true,"href":"https:\/\/www.34bw.be\/index.php?rest_route=%2Fwp%2Fv2%2Ffolder&post=374"}],"curies":[{"name":"wp","href":"https:\/\/api.w.org\/{rel}","templated":true}]}}